{"id":1028,"date":"2026-03-31T11:12:00","date_gmt":"2026-03-31T11:12:00","guid":{"rendered":"https:\/\/shopmypham.azdigi.shop\/?post_type=product&#038;p=1028"},"modified":"2026-04-16T15:01:08","modified_gmt":"2026-04-16T15:01:08","slug":"chi-ke-vien-moi-clio-nhung-li","status":"publish","type":"product","link":"https:\/\/shopmypham.azdigi.shop\/index.php\/product\/chi-ke-vien-moi-clio-nhung-li\/","title":{"rendered":"Ch\u00ec K\u1ebb Vi\u1ec1n M\u00f4i Clio Nhung L\u00ec"},"content":{"rendered":"<div class=\"product-section-title\">\n<h2><strong>Chi ti\u1ebft s\u1ea3n ph\u1ea9m<\/strong><\/h2>\n<\/div>\n<div class=\"page-product-description-detail-wrap expanded\">\n<div class=\"page-product-description-detail\">\n<ul>\n<li><strong>T\u00ean s\u1ea3n ph\u1ea9m:\u00a0<\/strong>Ch\u00ec K\u1ebb Vi\u1ec1n M\u00f4i\u00a0Nhung L\u00ec, L\u00e2u Tr\u00f4i\u00a0Clio Velvet Lip Pencil<\/li>\n<li><strong>K\u1ebft c\u1ea5u:\u00a0<\/strong>D\u1ea1ng ch\u00ec<\/li>\n<li><strong>Tr\u1ecdng l\u01b0\u1ee3ng:\u00a0<\/strong>1.45g<\/li>\n<li><strong>Th\u01b0\u01a1ng hi\u1ec7u:\u00a0<\/strong>Clio\u00a0(H\u00e0n Qu\u1ed1c)<\/li>\n<li><strong>N\u01a1i s\u1ea3n xu\u1ea5t:\u00a0<\/strong>H\u00e0n Qu\u1ed1c<\/li>\n<li><strong>H\u1ea1n s\u1eed d\u1ee5ng:<\/strong>\u00a036 th\u00e1ng\u00a0k\u1ec3 t\u1eeb ng\u00e0y s\u1ea3n xu\u1ea5t in tr\u00ean bao b\u00ec\u00a0(24 th\u00e1ng k\u1ec3 t\u1eeb ng\u00e0y m\u1edf n\u1eafp).<\/li>\n<\/ul>\n<p><strong>1. Th\u00f4ng tin s\u1ea3n ph\u1ea9m<\/strong><\/p>\n<p><strong>Ch\u00ec K\u1ebb Vi\u1ec1n M\u00f4i\u00a0Nhung L\u00ec, L\u00e2u Tr\u00f4i\u00a0Clio Velvet Lip Pencil<\/strong>\u00a0l\u00e0\u00a0<strong>ch\u00ec k\u1ebb vi\u1ec1n m\u00f4i\u00a0<\/strong>thu\u1ed9c th\u01b0\u01a1ng hi\u1ec7u\u00a0<strong>CLIO.\u00a0<\/strong>V\u1edbi thi\u1ebft k\u1ebf ch\u00ec k\u1ebb thanh m\u1ea3nh, \u0111\u1ea7u ch\u00ec x\u1ed1p m\u1ecbn, m\u00e0u s\u1eafc b\u1eaft m\u1eaft gi\u00fap \u0111\u1ecbnh h\u00ecnh khu\u00f4n m\u00f4i r\u00f5 n\u00e9t, t\u1ea1o hi\u1ec7u \u1ee9ng m\u00f4i \u0111\u1ea7y \u0111\u1eb7n gi\u00fap \u0111\u00f4i m\u00f4i tr\u1edf n\u00ean s\u1eafc n\u00e9t v\u00e0 cu\u1ed1n h\u00fat h\u01a1n.<\/p>\n<p><img loading=\"lazy\" decoding=\"async\" class=\" wp-image-1044 aligncenter\" src=\"https:\/\/shopmypham.azdigi.shop\/wp-content\/uploads\/2026\/03\/4_67be5d44d0464708a74d3b18a2846021_1024x1024-300x300.jpeg\" alt=\"\" width=\"491\" height=\"491\" srcset=\"https:\/\/shopmypham.azdigi.shop\/wp-content\/uploads\/2026\/03\/4_67be5d44d0464708a74d3b18a2846021_1024x1024-300x300.jpeg 300w, https:\/\/shopmypham.azdigi.shop\/wp-content\/uploads\/2026\/03\/4_67be5d44d0464708a74d3b18a2846021_1024x1024-150x150.jpeg 150w, https:\/\/shopmypham.azdigi.shop\/wp-content\/uploads\/2026\/03\/4_67be5d44d0464708a74d3b18a2846021_1024x1024-768x768.jpeg 768w, https:\/\/shopmypham.azdigi.shop\/wp-content\/uploads\/2026\/03\/4_67be5d44d0464708a74d3b18a2846021_1024x1024-600x600.jpeg 600w, https:\/\/shopmypham.azdigi.shop\/wp-content\/uploads\/2026\/03\/4_67be5d44d0464708a74d3b18a2846021_1024x1024-100x100.jpeg 100w, https:\/\/shopmypham.azdigi.shop\/wp-content\/uploads\/2026\/03\/4_67be5d44d0464708a74d3b18a2846021_1024x1024.jpeg 800w\" sizes=\"auto, (max-width: 491px) 100vw, 491px\" \/><\/p>\n<p><strong>2. B\u1ea3ng m\u00e0u c\u1ee7a\u00a0Ch\u00ec K\u1ebb Vi\u1ec1n M\u00f4i\u00a0Nhung L\u00ec, L\u00e2u Tr\u00f4i\u00a0Clio Velvet Lip Pencil<\/strong><\/p>\n<p><strong>Ch\u00ec K\u1ebb Vi\u1ec1n M\u00f4i\u00a0Nhung L\u00ec, L\u00e2u Tr\u00f4i\u00a0Clio Velvet Lip Pencil\u00a0<\/strong>hi\u1ec7n \u0111\u00e3 c\u00f3 v\u1edbi c\u00e1c m\u00e0u sau:<\/p>\n<ul>\n<li><strong>01 Rosy Pink:<\/strong>\u00a0M\u00e0u h\u1ed3ng ph\u1ea5n<\/li>\n<\/ul>\n<div>\n<ul>\n<li><strong>02 Peach Beige:\u00a0<\/strong>M\u00e0u be \u0111\u00e0o<\/li>\n<\/ul>\n<p><strong>3. \u01afu \u0111i\u1ec3m c\u1ee7a Ch\u00ec K\u1ebb Vi\u1ec1n M\u00f4i\u00a0Nhung L\u00ec, L\u00e2u Tr\u00f4i\u00a0Clio Velvet Lip Pencil<\/strong><\/p>\n<p><strong>Ch\u00ec K\u1ebb Vi\u1ec1n M\u00f4i\u00a0Nhung L\u00ec, L\u00e2u Tr\u00f4i\u00a0Clio Velvet Lip Pencil\u00a0<\/strong>c\u00f3 nh\u1eefng \u0111\u1eb7c tr\u01b0ng n\u1ed5i b\u1eadt nh\u01b0 sau:<\/p>\n<ul>\n<li>Gi\u00fap \u0111\u00f4i m\u00f4i tr\u1edf n\u00ean s\u1eafc s\u1ea3o, cu\u1ed1n h\u00fat h\u01a1n, d\u00e1ng m\u00f4i cong \u0111\u1eb9p h\u00e0i h\u00f2a, m\u00f4i tr\u00f4ng \u0111\u1ea7y \u0111\u1eb7n h\u01a1n.<\/li>\n<li>\u0110\u1ea7u son d\u1ea1ng ch\u00ec c\u00f3 th\u1ec3 chu\u1ed1t theo s\u1edf th\u00edch (chu\u1ed1t nh\u1ecdn ho\u1eb7c \u0111\u1ea7u ch\u00ec thon th\u1ea3)<\/li>\n<li>B\u1ea3ng m\u00e0u s\u1eafc trendy gi\u00fap b\u1ea1n d\u1ec5 d\u00e0ng ph\u1ed1i h\u1ee3p khi t\u00f4 son<\/li>\n<li>Ch\u1ee9a th\u00e0nh ph\u1ea7n c\u1ea5p \u1ea9m, ch\u0103m s\u00f3c b\u1edd m\u00f4i kh\u1ecfe kho\u1eafn kh\u00f4ng b\u1ecb kh\u00f4 r\u00e1p<\/li>\n<li>\u0110\u1ea7u ch\u00ec x\u1ed1p m\u1ecbn, m\u00e0u s\u1eafc b\u1eaft m\u1eaft<\/li>\n<\/ul>\n<p><img loading=\"lazy\" decoding=\"async\" class=\" wp-image-1047 aligncenter\" src=\"https:\/\/shopmypham.azdigi.shop\/wp-content\/uploads\/2026\/03\/2_b5801a6eef674e4fa5e7b99aadc4595a-300x300.jpeg\" alt=\"\" width=\"637\" height=\"637\" srcset=\"https:\/\/shopmypham.azdigi.shop\/wp-content\/uploads\/2026\/03\/2_b5801a6eef674e4fa5e7b99aadc4595a-300x300.jpeg 300w, https:\/\/shopmypham.azdigi.shop\/wp-content\/uploads\/2026\/03\/2_b5801a6eef674e4fa5e7b99aadc4595a-150x150.jpeg 150w, https:\/\/shopmypham.azdigi.shop\/wp-content\/uploads\/2026\/03\/2_b5801a6eef674e4fa5e7b99aadc4595a-768x768.jpeg 768w, https:\/\/shopmypham.azdigi.shop\/wp-content\/uploads\/2026\/03\/2_b5801a6eef674e4fa5e7b99aadc4595a-600x600.jpeg 600w, https:\/\/shopmypham.azdigi.shop\/wp-content\/uploads\/2026\/03\/2_b5801a6eef674e4fa5e7b99aadc4595a-100x100.jpeg 100w, https:\/\/shopmypham.azdigi.shop\/wp-content\/uploads\/2026\/03\/2_b5801a6eef674e4fa5e7b99aadc4595a.jpeg 800w\" sizes=\"auto, (max-width: 637px) 100vw, 637px\" \/><\/p>\n<p><strong>4. C\u00e1ch b\u1ea3o qu\u1ea3n<\/strong><\/p>\n<ul>\n<li>Tr\u00e1nh \u00e1nh n\u1eafng tr\u1ef1c ti\u1ebfp<\/li>\n<li>\u0110\u1ec3 n\u01a1i kh\u00f4 r\u00e1o, tho\u00e1ng m\u00e1t<\/li>\n<li>\u0110\u1eady n\u1eafp k\u00edn sau khi s\u1eed d\u1ee5ng<\/li>\n<\/ul>\n<p><strong>5. H\u01b0\u1edbng d\u1eabn s\u1eed d\u1ee5ng<\/strong><\/p>\n<ul>\n<li>V\u1ebd theo \u0111\u01b0\u1eddng vi\u00ean m\u00f4i ho\u1eb7c khu\u00f4n m\u00f4i mong mu\u1ed1n<\/li>\n<\/ul>\n<p><strong>6. Nh\u1eefng l\u01b0u \u00fd khi s\u1eed d\u1ee5ng<\/strong><\/p>\n<ul>\n<li>M\u00e0u s\u1eafc c\u00f3 th\u1ec3 kh\u00e1c nhau t\u00f9y thu\u1ed9c v\u00e0o \u00e1nh s\u00e1ng, \u0111\u1ed9 ph\u00e2n gi\u1ea3i m\u00e0n h\u00ecnh v\u00e0 s\u1eafc t\u1ed1 da.<\/li>\n<\/ul>\n<\/div>\n<\/div>\n<\/div>\n","protected":false},"excerpt":{"rendered":"<p>Thi\u1ebft k\u1ebf ch\u00ec k\u1ebb thanh m\u1ea3nh, \u0111\u1ea7u ch\u00ec x\u1ed1p m\u1ecbn, m\u00e0u s\u1eafc b\u1eaft m\u1eaft gi\u00fap \u0111\u1ecbnh h\u00ecnh khu\u00f4n m\u00f4i r\u00f5 n\u00e9t, t\u1ea1o hi\u1ec7u \u1ee9ng m\u00f4i \u0111\u1ea7y \u0111\u1eb7n gi\u00fap \u0111\u00f4i m\u00f4i tr\u1edf n\u00ean s\u1eafc n\u00e9t v\u00e0 cu\u1ed1n h\u00fat h\u01a1n.<\/p>\n","protected":false},"featured_media":1041,"comment_status":"open","ping_status":"closed","template":"","meta":[],"product_brand":[39],"product_cat":[41],"product_tag":[61,81],"class_list":{"0":"post-1028","1":"product","2":"type-product","3":"status-publish","4":"has-post-thumbnail","6":"product_brand-clio","7":"product_cat-chi-ke-moi","8":"product_tag-clio","9":"product_tag-sang-trong","11":"first","12":"instock","13":"sale","14":"shipping-taxable","15":"purchasable","16":"product-type-variable"},"yoast_head":"<!-- This site is optimized with the Yoast SEO plugin v27.3 - https:\/\/yoast.com\/product\/yoast-seo-wordpress\/ -->\n<title>Ch\u00ec K\u1ebb Vi\u1ec1n M\u00f4i Clio Nhung L\u00ec - Shop m\u1ef9 ph\u1ea9m<\/title>\n<meta name=\"description\" content=\"Ch\u00ec K\u1ebb Vi\u1ec1n M\u00f4i Nhung L\u00ec, L\u00e2u Tr\u00f4i Clio Velvet Lip Pencil l\u00e0 ch\u00ec k\u1ebb vi\u1ec1n m\u00f4i thu\u1ed9c th\u01b0\u01a1ng hi\u1ec7u CLIO. V\u1edbi thi\u1ebft k\u1ebf ch\u00ec k\u1ebb thanh m\u1ea3nh, \u0111\u1ea7u ch\u00ec x\u1ed1p m\u1ecbn\" \/>\n<meta name=\"robots\" content=\"index, follow, max-snippet:-1, max-image-preview:large, max-video-preview:-1\" \/>\n<link rel=\"canonical\" href=\"https:\/\/shopmypham.azdigi.shop\/index.php\/product\/chi-ke-vien-moi-clio-nhung-li\/\" \/>\n<meta property=\"og:locale\" content=\"vi_VN\" \/>\n<meta property=\"og:type\" content=\"article\" \/>\n<meta property=\"og:title\" content=\"Ch\u00ec K\u1ebb Vi\u1ec1n M\u00f4i Clio Nhung L\u00ec - Shop m\u1ef9 ph\u1ea9m\" \/>\n<meta property=\"og:description\" content=\"Ch\u00ec K\u1ebb Vi\u1ec1n M\u00f4i Nhung L\u00ec, L\u00e2u Tr\u00f4i Clio Velvet Lip Pencil l\u00e0 ch\u00ec k\u1ebb vi\u1ec1n m\u00f4i thu\u1ed9c th\u01b0\u01a1ng hi\u1ec7u CLIO. V\u1edbi thi\u1ebft k\u1ebf ch\u00ec k\u1ebb thanh m\u1ea3nh, \u0111\u1ea7u ch\u00ec x\u1ed1p m\u1ecbn\" \/>\n<meta property=\"og:url\" content=\"https:\/\/shopmypham.azdigi.shop\/index.php\/product\/chi-ke-vien-moi-clio-nhung-li\/\" \/>\n<meta property=\"og:site_name\" content=\"Shop m\u1ef9 ph\u1ea9m\" \/>\n<meta property=\"article:publisher\" content=\"https:\/\/www.facebook.com\/share\/17jR5FUwkN\/\" \/>\n<meta property=\"article:modified_time\" content=\"2026-04-16T15:01:08+00:00\" \/>\n<meta property=\"og:image\" content=\"https:\/\/shopmypham.azdigi.shop\/wp-content\/uploads\/2026\/03\/clio_070ea663bfaa4dcfb88014438ea948bb_1024x1024.jpg\" \/>\n\t<meta property=\"og:image:width\" content=\"800\" \/>\n\t<meta property=\"og:image:height\" content=\"800\" \/>\n\t<meta property=\"og:image:type\" content=\"image\/jpeg\" \/>\n<meta name=\"twitter:card\" content=\"summary_large_image\" \/>\n<meta name=\"twitter:label1\" content=\"\u01af\u1edbc t\u00ednh th\u1eddi gian \u0111\u1ecdc\" \/>\n\t<meta name=\"twitter:data1\" content=\"3 ph\u00fat\" \/>\n<script type=\"application\/ld+json\" class=\"yoast-schema-graph\">{\"@context\":\"https:\\\/\\\/schema.org\",\"@graph\":[{\"@type\":\"WebPage\",\"@id\":\"https:\\\/\\\/shopmypham.azdigi.shop\\\/index.php\\\/product\\\/chi-ke-vien-moi-clio-nhung-li\\\/\",\"url\":\"https:\\\/\\\/shopmypham.azdigi.shop\\\/index.php\\\/product\\\/chi-ke-vien-moi-clio-nhung-li\\\/\",\"name\":\"Ch\u00ec K\u1ebb Vi\u1ec1n M\u00f4i Clio Nhung L\u00ec - Shop m\u1ef9 ph\u1ea9m\",\"isPartOf\":{\"@id\":\"https:\\\/\\\/shopmypham.azdigi.shop\\\/#website\"},\"primaryImageOfPage\":{\"@id\":\"https:\\\/\\\/shopmypham.azdigi.shop\\\/index.php\\\/product\\\/chi-ke-vien-moi-clio-nhung-li\\\/#primaryimage\"},\"image\":{\"@id\":\"https:\\\/\\\/shopmypham.azdigi.shop\\\/index.php\\\/product\\\/chi-ke-vien-moi-clio-nhung-li\\\/#primaryimage\"},\"thumbnailUrl\":\"https:\\\/\\\/shopmypham.azdigi.shop\\\/wp-content\\\/uploads\\\/2026\\\/03\\\/clio_070ea663bfaa4dcfb88014438ea948bb_1024x1024.jpg\",\"datePublished\":\"2026-03-31T11:12:00+00:00\",\"dateModified\":\"2026-04-16T15:01:08+00:00\",\"description\":\"Ch\u00ec K\u1ebb Vi\u1ec1n M\u00f4i Nhung L\u00ec, L\u00e2u Tr\u00f4i Clio Velvet Lip Pencil l\u00e0 ch\u00ec k\u1ebb vi\u1ec1n m\u00f4i thu\u1ed9c th\u01b0\u01a1ng hi\u1ec7u CLIO. V\u1edbi thi\u1ebft k\u1ebf ch\u00ec k\u1ebb thanh m\u1ea3nh, \u0111\u1ea7u ch\u00ec x\u1ed1p m\u1ecbn\",\"breadcrumb\":{\"@id\":\"https:\\\/\\\/shopmypham.azdigi.shop\\\/index.php\\\/product\\\/chi-ke-vien-moi-clio-nhung-li\\\/#breadcrumb\"},\"inLanguage\":\"vi\",\"potentialAction\":[{\"@type\":\"ReadAction\",\"target\":[\"https:\\\/\\\/shopmypham.azdigi.shop\\\/index.php\\\/product\\\/chi-ke-vien-moi-clio-nhung-li\\\/\"]}]},{\"@type\":\"ImageObject\",\"inLanguage\":\"vi\",\"@id\":\"https:\\\/\\\/shopmypham.azdigi.shop\\\/index.php\\\/product\\\/chi-ke-vien-moi-clio-nhung-li\\\/#primaryimage\",\"url\":\"https:\\\/\\\/shopmypham.azdigi.shop\\\/wp-content\\\/uploads\\\/2026\\\/03\\\/clio_070ea663bfaa4dcfb88014438ea948bb_1024x1024.jpg\",\"contentUrl\":\"https:\\\/\\\/shopmypham.azdigi.shop\\\/wp-content\\\/uploads\\\/2026\\\/03\\\/clio_070ea663bfaa4dcfb88014438ea948bb_1024x1024.jpg\",\"width\":800,\"height\":800},{\"@type\":\"BreadcrumbList\",\"@id\":\"https:\\\/\\\/shopmypham.azdigi.shop\\\/index.php\\\/product\\\/chi-ke-vien-moi-clio-nhung-li\\\/#breadcrumb\",\"itemListElement\":[{\"@type\":\"ListItem\",\"position\":1,\"name\":\"Home\",\"item\":\"https:\\\/\\\/shopmypham.azdigi.shop\\\/\"},{\"@type\":\"ListItem\",\"position\":2,\"name\":\"C\u1eeda h\u00e0ng\",\"item\":\"https:\\\/\\\/shopmypham.azdigi.shop\\\/index.php\\\/shop\\\/\"},{\"@type\":\"ListItem\",\"position\":3,\"name\":\"Ch\u00ec K\u1ebb Vi\u1ec1n M\u00f4i Clio Nhung L\u00ec\"}]},{\"@type\":\"WebSite\",\"@id\":\"https:\\\/\\\/shopmypham.azdigi.shop\\\/#website\",\"url\":\"https:\\\/\\\/shopmypham.azdigi.shop\\\/\",\"name\":\"Shop m\u1ef9 ph\u1ea9m\",\"description\":\"\",\"publisher\":{\"@id\":\"https:\\\/\\\/shopmypham.azdigi.shop\\\/#organization\"},\"potentialAction\":[{\"@type\":\"SearchAction\",\"target\":{\"@type\":\"EntryPoint\",\"urlTemplate\":\"https:\\\/\\\/shopmypham.azdigi.shop\\\/?s={search_term_string}\"},\"query-input\":{\"@type\":\"PropertyValueSpecification\",\"valueRequired\":true,\"valueName\":\"search_term_string\"}}],\"inLanguage\":\"vi\"},{\"@type\":\"Organization\",\"@id\":\"https:\\\/\\\/shopmypham.azdigi.shop\\\/#organization\",\"name\":\"Shop m\u1ef9 ph\u1ea9m\",\"url\":\"https:\\\/\\\/shopmypham.azdigi.shop\\\/\",\"logo\":{\"@type\":\"ImageObject\",\"inLanguage\":\"vi\",\"@id\":\"https:\\\/\\\/shopmypham.azdigi.shop\\\/#\\\/schema\\\/logo\\\/image\\\/\",\"url\":\"https:\\\/\\\/shopmypham.azdigi.shop\\\/wp-content\\\/uploads\\\/2026\\\/03\\\/Anh-chup-man-hinh-2026-01-31-214354.png\",\"contentUrl\":\"https:\\\/\\\/shopmypham.azdigi.shop\\\/wp-content\\\/uploads\\\/2026\\\/03\\\/Anh-chup-man-hinh-2026-01-31-214354.png\",\"width\":880,\"height\":565,\"caption\":\"Shop m\u1ef9 ph\u1ea9m\"},\"image\":{\"@id\":\"https:\\\/\\\/shopmypham.azdigi.shop\\\/#\\\/schema\\\/logo\\\/image\\\/\"},\"sameAs\":[\"https:\\\/\\\/www.facebook.com\\\/share\\\/17jR5FUwkN\\\/\"]}]}<\/script>\n<!-- \/ Yoast SEO plugin. -->","yoast_head_json":{"title":"Ch\u00ec K\u1ebb Vi\u1ec1n M\u00f4i Clio Nhung L\u00ec - Shop m\u1ef9 ph\u1ea9m","description":"Ch\u00ec K\u1ebb Vi\u1ec1n M\u00f4i Nhung L\u00ec, L\u00e2u Tr\u00f4i Clio Velvet Lip Pencil l\u00e0 ch\u00ec k\u1ebb vi\u1ec1n m\u00f4i thu\u1ed9c th\u01b0\u01a1ng hi\u1ec7u CLIO. V\u1edbi thi\u1ebft k\u1ebf ch\u00ec k\u1ebb thanh m\u1ea3nh, \u0111\u1ea7u ch\u00ec x\u1ed1p m\u1ecbn","robots":{"index":"index","follow":"follow","max-snippet":"max-snippet:-1","max-image-preview":"max-image-preview:large","max-video-preview":"max-video-preview:-1"},"canonical":"https:\/\/shopmypham.azdigi.shop\/index.php\/product\/chi-ke-vien-moi-clio-nhung-li\/","og_locale":"vi_VN","og_type":"article","og_title":"Ch\u00ec K\u1ebb Vi\u1ec1n M\u00f4i Clio Nhung L\u00ec - Shop m\u1ef9 ph\u1ea9m","og_description":"Ch\u00ec K\u1ebb Vi\u1ec1n M\u00f4i Nhung L\u00ec, L\u00e2u Tr\u00f4i Clio Velvet Lip Pencil l\u00e0 ch\u00ec k\u1ebb vi\u1ec1n m\u00f4i thu\u1ed9c th\u01b0\u01a1ng hi\u1ec7u CLIO. V\u1edbi thi\u1ebft k\u1ebf ch\u00ec k\u1ebb thanh m\u1ea3nh, \u0111\u1ea7u ch\u00ec x\u1ed1p m\u1ecbn","og_url":"https:\/\/shopmypham.azdigi.shop\/index.php\/product\/chi-ke-vien-moi-clio-nhung-li\/","og_site_name":"Shop m\u1ef9 ph\u1ea9m","article_publisher":"https:\/\/www.facebook.com\/share\/17jR5FUwkN\/","article_modified_time":"2026-04-16T15:01:08+00:00","og_image":[{"width":800,"height":800,"url":"https:\/\/shopmypham.azdigi.shop\/wp-content\/uploads\/2026\/03\/clio_070ea663bfaa4dcfb88014438ea948bb_1024x1024.jpg","type":"image\/jpeg"}],"twitter_card":"summary_large_image","twitter_misc":{"\u01af\u1edbc t\u00ednh th\u1eddi gian \u0111\u1ecdc":"3 ph\u00fat"},"schema":{"@context":"https:\/\/schema.org","@graph":[{"@type":"WebPage","@id":"https:\/\/shopmypham.azdigi.shop\/index.php\/product\/chi-ke-vien-moi-clio-nhung-li\/","url":"https:\/\/shopmypham.azdigi.shop\/index.php\/product\/chi-ke-vien-moi-clio-nhung-li\/","name":"Ch\u00ec K\u1ebb Vi\u1ec1n M\u00f4i Clio Nhung L\u00ec - Shop m\u1ef9 ph\u1ea9m","isPartOf":{"@id":"https:\/\/shopmypham.azdigi.shop\/#website"},"primaryImageOfPage":{"@id":"https:\/\/shopmypham.azdigi.shop\/index.php\/product\/chi-ke-vien-moi-clio-nhung-li\/#primaryimage"},"image":{"@id":"https:\/\/shopmypham.azdigi.shop\/index.php\/product\/chi-ke-vien-moi-clio-nhung-li\/#primaryimage"},"thumbnailUrl":"https:\/\/shopmypham.azdigi.shop\/wp-content\/uploads\/2026\/03\/clio_070ea663bfaa4dcfb88014438ea948bb_1024x1024.jpg","datePublished":"2026-03-31T11:12:00+00:00","dateModified":"2026-04-16T15:01:08+00:00","description":"Ch\u00ec K\u1ebb Vi\u1ec1n M\u00f4i Nhung L\u00ec, L\u00e2u Tr\u00f4i Clio Velvet Lip Pencil l\u00e0 ch\u00ec k\u1ebb vi\u1ec1n m\u00f4i thu\u1ed9c th\u01b0\u01a1ng hi\u1ec7u CLIO. V\u1edbi thi\u1ebft k\u1ebf ch\u00ec k\u1ebb thanh m\u1ea3nh, \u0111\u1ea7u ch\u00ec x\u1ed1p m\u1ecbn","breadcrumb":{"@id":"https:\/\/shopmypham.azdigi.shop\/index.php\/product\/chi-ke-vien-moi-clio-nhung-li\/#breadcrumb"},"inLanguage":"vi","potentialAction":[{"@type":"ReadAction","target":["https:\/\/shopmypham.azdigi.shop\/index.php\/product\/chi-ke-vien-moi-clio-nhung-li\/"]}]},{"@type":"ImageObject","inLanguage":"vi","@id":"https:\/\/shopmypham.azdigi.shop\/index.php\/product\/chi-ke-vien-moi-clio-nhung-li\/#primaryimage","url":"https:\/\/shopmypham.azdigi.shop\/wp-content\/uploads\/2026\/03\/clio_070ea663bfaa4dcfb88014438ea948bb_1024x1024.jpg","contentUrl":"https:\/\/shopmypham.azdigi.shop\/wp-content\/uploads\/2026\/03\/clio_070ea663bfaa4dcfb88014438ea948bb_1024x1024.jpg","width":800,"height":800},{"@type":"BreadcrumbList","@id":"https:\/\/shopmypham.azdigi.shop\/index.php\/product\/chi-ke-vien-moi-clio-nhung-li\/#breadcrumb","itemListElement":[{"@type":"ListItem","position":1,"name":"Home","item":"https:\/\/shopmypham.azdigi.shop\/"},{"@type":"ListItem","position":2,"name":"C\u1eeda h\u00e0ng","item":"https:\/\/shopmypham.azdigi.shop\/index.php\/shop\/"},{"@type":"ListItem","position":3,"name":"Ch\u00ec K\u1ebb Vi\u1ec1n M\u00f4i Clio Nhung L\u00ec"}]},{"@type":"WebSite","@id":"https:\/\/shopmypham.azdigi.shop\/#website","url":"https:\/\/shopmypham.azdigi.shop\/","name":"Shop m\u1ef9 ph\u1ea9m","description":"","publisher":{"@id":"https:\/\/shopmypham.azdigi.shop\/#organization"},"potentialAction":[{"@type":"SearchAction","target":{"@type":"EntryPoint","urlTemplate":"https:\/\/shopmypham.azdigi.shop\/?s={search_term_string}"},"query-input":{"@type":"PropertyValueSpecification","valueRequired":true,"valueName":"search_term_string"}}],"inLanguage":"vi"},{"@type":"Organization","@id":"https:\/\/shopmypham.azdigi.shop\/#organization","name":"Shop m\u1ef9 ph\u1ea9m","url":"https:\/\/shopmypham.azdigi.shop\/","logo":{"@type":"ImageObject","inLanguage":"vi","@id":"https:\/\/shopmypham.azdigi.shop\/#\/schema\/logo\/image\/","url":"https:\/\/shopmypham.azdigi.shop\/wp-content\/uploads\/2026\/03\/Anh-chup-man-hinh-2026-01-31-214354.png","contentUrl":"https:\/\/shopmypham.azdigi.shop\/wp-content\/uploads\/2026\/03\/Anh-chup-man-hinh-2026-01-31-214354.png","width":880,"height":565,"caption":"Shop m\u1ef9 ph\u1ea9m"},"image":{"@id":"https:\/\/shopmypham.azdigi.shop\/#\/schema\/logo\/image\/"},"sameAs":["https:\/\/www.facebook.com\/share\/17jR5FUwkN\/"]}]}},"_links":{"self":[{"href":"https:\/\/shopmypham.azdigi.shop\/index.php\/wp-json\/wp\/v2\/product\/1028","targetHints":{"allow":["GET"]}}],"collection":[{"href":"https:\/\/shopmypham.azdigi.shop\/index.php\/wp-json\/wp\/v2\/product"}],"about":[{"href":"https:\/\/shopmypham.azdigi.shop\/index.php\/wp-json\/wp\/v2\/types\/product"}],"replies":[{"embeddable":true,"href":"https:\/\/shopmypham.azdigi.shop\/index.php\/wp-json\/wp\/v2\/comments?post=1028"}],"wp:featuredmedia":[{"embeddable":true,"href":"https:\/\/shopmypham.azdigi.shop\/index.php\/wp-json\/wp\/v2\/media\/1041"}],"wp:attachment":[{"href":"https:\/\/shopmypham.azdigi.shop\/index.php\/wp-json\/wp\/v2\/media?parent=1028"}],"wp:term":[{"taxonomy":"product_brand","embeddable":true,"href":"https:\/\/shopmypham.azdigi.shop\/index.php\/wp-json\/wp\/v2\/product_brand?post=1028"},{"taxonomy":"product_cat","embeddable":true,"href":"https:\/\/shopmypham.azdigi.shop\/index.php\/wp-json\/wp\/v2\/product_cat?post=1028"},{"taxonomy":"product_tag","embeddable":true,"href":"https:\/\/shopmypham.azdigi.shop\/index.php\/wp-json\/wp\/v2\/product_tag?post=1028"}],"curies":[{"name":"wp","href":"https:\/\/api.w.org\/{rel}","templated":true}]}}