{"id":983,"date":"2026-03-31T09:50:19","date_gmt":"2026-03-31T09:50:19","guid":{"rendered":"https:\/\/shopmypham.azdigi.shop\/?post_type=product&#038;p=983"},"modified":"2026-04-14T15:24:41","modified_gmt":"2026-04-14T15:24:41","slug":"phan-ma-hong-bat-sang-3ce","status":"publish","type":"product","link":"https:\/\/shopmypham.azdigi.shop\/index.php\/product\/phan-ma-hong-bat-sang-3ce\/","title":{"rendered":"Son B\u00f3ng D\u1ea1ng Gel 3CE"},"content":{"rendered":"<p><strong><span dir=\"auto\" style=\"vertical-align: inherit;\"><span dir=\"auto\" style=\"vertical-align: inherit;\">Son B\u00f3ng C\u0103ng Gel C\u0103ng M\u1ecdng 3CE Drop Glow Gel\u00a0<\/span><\/span><\/strong><span dir=\"auto\" style=\"vertical-align: inherit;\"><span dir=\"auto\" style=\"vertical-align: inherit;\"> l\u00e0\u00a0 <\/span><\/span><strong><span dir=\"auto\" style=\"vertical-align: inherit;\"><span dir=\"auto\" style=\"vertical-align: inherit;\">son b\u00f3ng<\/span><\/span><\/strong><span dir=\"auto\" style=\"vertical-align: inherit;\"><span dir=\"auto\" style=\"vertical-align: inherit;\"> \u00a0\u0111\u1ebfn t\u1eeb th\u01b0\u01a1ng hi\u1ec7u\u00a0 <\/span><\/span><strong><span dir=\"auto\" style=\"vertical-align: inherit;\"><span dir=\"auto\" style=\"vertical-align: inherit;\">3CE. <\/span><\/span><\/strong><span dir=\"auto\" style=\"vertical-align: inherit;\"><span dir=\"auto\" style=\"vertical-align: inherit;\">C\u00f4ng th\u1ee9c \u0111\u1ed9 b\u00f3ng 3D s\u00e1ng b\u00f3ng ch\u1ee9a d\u1ea7u c\u00f3 \u0111\u1ed9 ph\u1ea3n chi\u1ebfu cao nh\u01b0 nh\u01b0ng n\u01b0\u1edbc, mang \u0111\u1ebfn cho m\u00f4i c\u0103ng v\u00e0 c\u0103ng m\u1ecdng. \u0110\u1ed3ng th\u1eddi, d\u01b0\u1ee1ng \u1ea9m gi\u00fap m\u00f4i tr\u01b0\u1eddng m\u1ec1m, c\u00f3 kh\u1ea3 n\u0103ng gi\u1eef m\u00e0u t\u1ed1t, t\u0103ng m\u00e0u chu\u1ea9n, b\u1ec1n m\u00e0u su\u1ed1t th\u1eddi gian d\u00e0i.<\/span><\/span><\/p>\n<p><img loading=\"lazy\" decoding=\"async\" class=\" wp-image-1004 aligncenter\" src=\"https:\/\/shopmypham.azdigi.shop\/wp-content\/uploads\/2026\/03\/01_77ff468a0f414128a22cacbcb40eaabc-1-300x300.jpg\" alt=\"\" width=\"601\" height=\"601\" srcset=\"https:\/\/shopmypham.azdigi.shop\/wp-content\/uploads\/2026\/03\/01_77ff468a0f414128a22cacbcb40eaabc-1-300x300.jpg 300w, https:\/\/shopmypham.azdigi.shop\/wp-content\/uploads\/2026\/03\/01_77ff468a0f414128a22cacbcb40eaabc-1-150x150.jpg 150w, https:\/\/shopmypham.azdigi.shop\/wp-content\/uploads\/2026\/03\/01_77ff468a0f414128a22cacbcb40eaabc-1-768x768.jpg 768w, https:\/\/shopmypham.azdigi.shop\/wp-content\/uploads\/2026\/03\/01_77ff468a0f414128a22cacbcb40eaabc-1-600x600.jpg 600w, https:\/\/shopmypham.azdigi.shop\/wp-content\/uploads\/2026\/03\/01_77ff468a0f414128a22cacbcb40eaabc-1-100x100.jpg 100w, https:\/\/shopmypham.azdigi.shop\/wp-content\/uploads\/2026\/03\/01_77ff468a0f414128a22cacbcb40eaabc-1.jpg 800w\" sizes=\"auto, (max-width: 601px) 100vw, 601px\" \/><\/p>\n<p><strong><span dir=\"auto\" style=\"vertical-align: inherit;\"><span dir=\"auto\" style=\"vertical-align: inherit;\">\u2022 \u0110\u1eb7c bi\u1ec7t:\u00a0<\/span><\/span><\/strong><\/p>\n<p><strong><span dir=\"auto\" style=\"vertical-align: inherit;\"><span dir=\"auto\" style=\"vertical-align: inherit;\">Son B\u00f3ng C\u0103ng Gel C\u0103ng M\u1ecdng 3CE Drop Glow Gel\u00a0<\/span><\/span><\/strong><span dir=\"auto\" style=\"vertical-align: inherit;\"><span dir=\"auto\" style=\"vertical-align: inherit;\"> hi\u1ec7n \u0111\u00e3 c\u00f3 nh\u1eefng \u0111\u1eb7c s\u1eafc n\u1ed5i b\u1eadt nh\u01b0 sau:<\/span><\/span><\/p>\n<p><span dir=\"auto\" style=\"vertical-align: inherit;\"><span dir=\"auto\" style=\"vertical-align: inherit;\">&#8211; \u0110\u1ed9 b\u00f3ng 3D: C\u00f4ng th\u1ee9c gel s\u00e1ng b\u00f3ng ch\u1ee9a d\u1ea7u c\u00f3 \u0111\u1ed9 ph\u1ea3n chi\u1ebfu cao nh\u01b0 kh\u00f4 n\u01b0\u1edbc, mang \u0111\u1ebfn cho m\u00f4i \u0111\u1ea7y v\u00e0 ki\u1ec1m m\u1ecdng.<\/span><\/span><\/p>\n<p><span dir=\"auto\" style=\"vertical-align: inherit;\"><span dir=\"auto\" style=\"vertical-align: inherit;\">&#8211; Kh\u1ea3 n\u0103ng gi\u1eef m\u00e0u t\u1ed1t, t\u0103ng m\u00e0u chu\u1ea9n, b\u1ec1n m\u00e0u su\u1ed1t th\u1eddi gian d\u00e0i.<\/span><\/span><\/p>\n<p><span dir=\"auto\" style=\"vertical-align: inherit;\"><span dir=\"auto\" style=\"vertical-align: inherit;\">&#8211; C\u00f4ng th\u1ee9c d\u01b0\u1ee1ng \u1ea9m m\u00f4i tr\u01b0\u1eddng lu\u00f4n m\u1ec1m m\u1ea1i, kh\u00f4ng c\u00f3 g\u00f3i ngo\u00e0i<\/span><\/span><\/p>\n<p><span dir=\"auto\" style=\"vertical-align: inherit;\"><span dir=\"auto\" style=\"vertical-align: inherit;\">&#8211; \u0110\u1ea7u n\u1ea1 \u0111\u1ed9c c\u00f3 thi\u1ebft k\u1ebf c\u00f4ng &#8211; \u00f4m m\u00f4i, d\u1ec5 d\u00e0ng l\u1ea5y \u0111\u01b0\u1ee3c son v\u00e0 \u0111i\u1ec1u ch\u1ec9nh l\u01b0\u1ee3ng son.<\/span><\/span><\/p>\n<p><strong><span dir=\"auto\" style=\"vertical-align: inherit;\"><span dir=\"auto\" style=\"vertical-align: inherit;\">&#8211; Son B\u00f3ng C\u0103ng Gel C\u0103ng M\u1ecdng 3CE Drop Glow Gel\u00a0<\/span><\/span><\/strong><span dir=\"auto\" style=\"vertical-align: inherit;\"><span dir=\"auto\" style=\"vertical-align: inherit;\"> hi\u1ec7n \u0111ang b\u00e1n c\u00e1c m\u00e0u sau:<\/span><\/span><\/p>\n<p><strong><span dir=\"auto\" style=\"vertical-align: inherit;\"><span dir=\"auto\" style=\"vertical-align: inherit;\">#Cu\u1ed1i tu\u1ea7n:\u00a0<\/span><\/span><\/strong><span dir=\"auto\" style=\"vertical-align: inherit;\"><span dir=\"auto\" style=\"vertical-align: inherit;\"> N\u00e2u tr\u00e0 \u0111en<\/span><\/span><\/p>\n<p><strong><span dir=\"auto\" style=\"vertical-align: inherit;\"><span dir=\"auto\" style=\"vertical-align: inherit;\">#Neat:\u00a0<\/span><\/span><\/strong><span dir=\"auto\" style=\"vertical-align: inherit;\"><span dir=\"auto\" style=\"vertical-align: inherit;\"> \u1ed4i \u0111\u1ecf<\/span><\/span><\/p>\n<p><strong><span dir=\"auto\" style=\"vertical-align: inherit;\"><span dir=\"auto\" style=\"vertical-align: inherit;\">#C\u1ea7n thi\u1ebft:\u00a0<\/span><\/span><\/strong><span dir=\"auto\" style=\"vertical-align: inherit;\"><span dir=\"auto\" style=\"vertical-align: inherit;\"> H\u1ed3ng \u0111\u1eadu<\/span><\/span><\/p>\n<p><img loading=\"lazy\" decoding=\"async\" class=\" wp-image-1003 aligncenter\" src=\"https:\/\/shopmypham.azdigi.shop\/wp-content\/uploads\/2026\/03\/download__2__466fe40656c844a697e26ad28ed34c67_1024x1024-300x300.jpg\" alt=\"\" width=\"639\" height=\"639\" srcset=\"https:\/\/shopmypham.azdigi.shop\/wp-content\/uploads\/2026\/03\/download__2__466fe40656c844a697e26ad28ed34c67_1024x1024-300x300.jpg 300w, https:\/\/shopmypham.azdigi.shop\/wp-content\/uploads\/2026\/03\/download__2__466fe40656c844a697e26ad28ed34c67_1024x1024-150x150.jpg 150w, https:\/\/shopmypham.azdigi.shop\/wp-content\/uploads\/2026\/03\/download__2__466fe40656c844a697e26ad28ed34c67_1024x1024-768x768.jpg 768w, https:\/\/shopmypham.azdigi.shop\/wp-content\/uploads\/2026\/03\/download__2__466fe40656c844a697e26ad28ed34c67_1024x1024-600x600.jpg 600w, https:\/\/shopmypham.azdigi.shop\/wp-content\/uploads\/2026\/03\/download__2__466fe40656c844a697e26ad28ed34c67_1024x1024-100x100.jpg 100w, https:\/\/shopmypham.azdigi.shop\/wp-content\/uploads\/2026\/03\/download__2__466fe40656c844a697e26ad28ed34c67_1024x1024.jpg 800w\" sizes=\"auto, (max-width: 639px) 100vw, 639px\" \/><\/p>\n<p><strong><span dir=\"auto\" style=\"vertical-align: inherit;\"><span dir=\"auto\" style=\"vertical-align: inherit;\">\u2022 Th\u01b0\u01a1ng hi\u1ec7u<\/span><\/span><\/strong><span dir=\"auto\" style=\"vertical-align: inherit;\"><span dir=\"auto\" style=\"vertical-align: inherit;\"> : 3CE<\/span><\/span><\/p>\n<p><strong><span dir=\"auto\" style=\"vertical-align: inherit;\"><span dir=\"auto\" style=\"vertical-align: inherit;\">\u2022 Xu\u1ea5t x\u1ee9 th\u01b0\u01a1ng hi\u1ec7u:\u00a0<\/span><\/span><\/strong><span dir=\"auto\" style=\"vertical-align: inherit;\"><span dir=\"auto\" style=\"vertical-align: inherit;\"> H\u00e0n Qu\u1ed1c<\/span><\/span><\/p>\n<p><strong><span dir=\"auto\" style=\"vertical-align: inherit;\"><span dir=\"auto\" style=\"vertical-align: inherit;\">\u2022 S\u1ea3n xu\u1ea5t t\u1ea1i:\u00a0<\/span><\/span><\/strong><span dir=\"auto\" style=\"vertical-align: inherit;\"><span dir=\"auto\" style=\"vertical-align: inherit;\"> H\u00e0n Qu\u1ed1c<\/span><\/span><\/p>\n<p><strong><span dir=\"auto\" style=\"vertical-align: inherit;\"><span dir=\"auto\" style=\"vertical-align: inherit;\">\u2022 Dung t\u00edch:\u00a0<\/span><\/span><\/strong><span dir=\"auto\" style=\"vertical-align: inherit;\"><span dir=\"auto\" style=\"vertical-align: inherit;\"> 4g<\/span><\/span><\/p>\n<p><strong><span dir=\"auto\" style=\"vertical-align: inherit;\"><span dir=\"auto\" style=\"vertical-align: inherit;\">\u2022 Th\u1eddi gian s\u1eed d\u1ee5ng:\u00a0<\/span><\/span><\/strong><span dir=\"auto\" style=\"vertical-align: inherit;\"><span dir=\"auto\" style=\"vertical-align: inherit;\"> 3 n\u0103m k\u1ec3 t\u1eeb ng\u00e0y s\u1ea3n xu\u1ea5t\/ NSX xem tr\u00ean bao b\u00ec.<\/span><\/span><\/p>\n<p><span dir=\"auto\" style=\"vertical-align: inherit;\"><span dir=\"auto\" style=\"vertical-align: inherit;\">***M\u00e0u s\u1eafc c\u00f3 th\u1ec3 kh\u00e1c nhau t\u00f9y thu\u1ed9c v\u00e0o \u0111\u1ed9 s\u00e1ng, \u0111\u1ed9 ph\u00e2n gi\u1ea3i m\u00e0n h\u00ecnh v\u00e0 s\u1eafc t\u1ed1.<\/span><\/span><\/p>\n<p><span dir=\"auto\" style=\"vertical-align: inherit;\"><span dir=\"auto\" style=\"vertical-align: inherit;\">***Bao b\u00ec s\u1ea3n ph\u1ea9m thay \u0111\u1ed5i theo t\u1eebng b\u01b0\u1edbc nh\u1eadp h\u00e0ng.<\/span><\/span><\/p>\n","protected":false},"excerpt":{"rendered":"<p><span dir=\"auto\" style=\"vertical-align: inherit;\">C\u00f4ng th\u1ee9c \u0111\u1ed9 b\u00f3ng 3D s\u00e1ng b\u00f3ng ch\u1ee9a d\u1ea7u c\u00f3 \u0111\u1ed9 ph\u1ea3n chi\u1ebfu cao nh\u01b0 nh\u01b0ng n\u01b0\u1edbc, mang \u0111\u1ebfn cho m\u00f4i c\u0103ng v\u00e0 c\u0103ng m\u1ecdng. \u0110\u1ed3ng th\u1eddi, d\u01b0\u1ee1ng \u1ea9m gi\u00fap m\u00f4i tr\u01b0\u1eddng m\u1ec1m, c\u00f3 kh\u1ea3 n\u0103ng gi\u1eef m\u00e0u t\u1ed1t, t\u0103ng m\u00e0u chu\u1ea9n, b\u1ec1n m\u00e0u su\u1ed1t th\u1eddi gian d\u00e0i.<\/span><\/p>\n<p>&nbsp;<\/p>\n","protected":false},"featured_media":995,"comment_status":"open","ping_status":"closed","template":"","meta":[],"product_brand":[30],"product_cat":[25],"product_tag":[37],"class_list":{"0":"post-983","1":"product","2":"type-product","3":"status-publish","4":"has-post-thumbnail","6":"product_brand-3ce","7":"product_cat-son-duong","8":"product_tag-3ce","10":"first","11":"instock","12":"sale","13":"shipping-taxable","14":"purchasable","15":"product-type-variable"},"yoast_head":"<!-- This site is optimized with the Yoast SEO plugin v27.3 - https:\/\/yoast.com\/product\/yoast-seo-wordpress\/ -->\n<title>Son B\u00f3ng D\u1ea1ng Gel 3CE - Shop m\u1ef9 ph\u1ea9m<\/title>\n<meta name=\"description\" content=\"Son B\u00f3ng D\u1ea1ng Gel C\u0103ng M\u1ecdng 3CE Drop Glow Gel l\u00e0 son b\u00f3ng \u0111\u1ebfn t\u1eeb th\u01b0\u01a1ng hi\u1ec7u 3CE. C\u00f4ng th\u1ee9c \u0111\u1ed9 b\u00f3ng 3D s\u00e1ng b\u00f3ng, mang \u0111\u1ebfn cho m\u00f4i \u0111\u1ea7y \u0111\u1eb7n v\u00e0 c\u0103ng m\u1ecdng\" \/>\n<meta name=\"robots\" content=\"index, follow, max-snippet:-1, max-image-preview:large, max-video-preview:-1\" \/>\n<link rel=\"canonical\" href=\"https:\/\/shopmypham.azdigi.shop\/index.php\/product\/phan-ma-hong-bat-sang-3ce\/\" \/>\n<meta property=\"og:locale\" content=\"vi_VN\" \/>\n<meta property=\"og:type\" content=\"article\" \/>\n<meta property=\"og:title\" content=\"Son B\u00f3ng D\u1ea1ng Gel 3CE - Shop m\u1ef9 ph\u1ea9m\" \/>\n<meta property=\"og:description\" content=\"Son B\u00f3ng D\u1ea1ng Gel C\u0103ng M\u1ecdng 3CE Drop Glow Gel l\u00e0 son b\u00f3ng \u0111\u1ebfn t\u1eeb th\u01b0\u01a1ng hi\u1ec7u 3CE. C\u00f4ng th\u1ee9c \u0111\u1ed9 b\u00f3ng 3D s\u00e1ng b\u00f3ng, mang \u0111\u1ebfn cho m\u00f4i \u0111\u1ea7y \u0111\u1eb7n v\u00e0 c\u0103ng m\u1ecdng\" \/>\n<meta property=\"og:url\" content=\"https:\/\/shopmypham.azdigi.shop\/index.php\/product\/phan-ma-hong-bat-sang-3ce\/\" \/>\n<meta property=\"og:site_name\" content=\"Shop m\u1ef9 ph\u1ea9m\" \/>\n<meta property=\"article:publisher\" content=\"https:\/\/www.facebook.com\/share\/17jR5FUwkN\/\" \/>\n<meta property=\"article:modified_time\" content=\"2026-04-14T15:24:41+00:00\" \/>\n<meta property=\"og:image\" content=\"https:\/\/shopmypham.azdigi.shop\/wp-content\/uploads\/2026\/03\/3ce_copy_c3a389392d5b45468dfdcfab754b4997_1024x1024-1.jpg\" \/>\n\t<meta property=\"og:image:width\" content=\"800\" \/>\n\t<meta property=\"og:image:height\" content=\"800\" \/>\n\t<meta property=\"og:image:type\" content=\"image\/jpeg\" \/>\n<meta name=\"twitter:card\" content=\"summary_large_image\" \/>\n<meta name=\"twitter:label1\" content=\"\u01af\u1edbc t\u00ednh th\u1eddi gian \u0111\u1ecdc\" \/>\n\t<meta name=\"twitter:data1\" content=\"3 ph\u00fat\" \/>\n<script type=\"application\/ld+json\" class=\"yoast-schema-graph\">{\"@context\":\"https:\\\/\\\/schema.org\",\"@graph\":[{\"@type\":\"WebPage\",\"@id\":\"https:\\\/\\\/shopmypham.azdigi.shop\\\/index.php\\\/product\\\/phan-ma-hong-bat-sang-3ce\\\/\",\"url\":\"https:\\\/\\\/shopmypham.azdigi.shop\\\/index.php\\\/product\\\/phan-ma-hong-bat-sang-3ce\\\/\",\"name\":\"Son B\u00f3ng D\u1ea1ng Gel 3CE - Shop m\u1ef9 ph\u1ea9m\",\"isPartOf\":{\"@id\":\"https:\\\/\\\/shopmypham.azdigi.shop\\\/#website\"},\"primaryImageOfPage\":{\"@id\":\"https:\\\/\\\/shopmypham.azdigi.shop\\\/index.php\\\/product\\\/phan-ma-hong-bat-sang-3ce\\\/#primaryimage\"},\"image\":{\"@id\":\"https:\\\/\\\/shopmypham.azdigi.shop\\\/index.php\\\/product\\\/phan-ma-hong-bat-sang-3ce\\\/#primaryimage\"},\"thumbnailUrl\":\"https:\\\/\\\/shopmypham.azdigi.shop\\\/wp-content\\\/uploads\\\/2026\\\/03\\\/3ce_copy_c3a389392d5b45468dfdcfab754b4997_1024x1024-1.jpg\",\"datePublished\":\"2026-03-31T09:50:19+00:00\",\"dateModified\":\"2026-04-14T15:24:41+00:00\",\"description\":\"Son B\u00f3ng D\u1ea1ng Gel C\u0103ng M\u1ecdng 3CE Drop Glow Gel l\u00e0 son b\u00f3ng \u0111\u1ebfn t\u1eeb th\u01b0\u01a1ng hi\u1ec7u 3CE. C\u00f4ng th\u1ee9c \u0111\u1ed9 b\u00f3ng 3D s\u00e1ng b\u00f3ng, mang \u0111\u1ebfn cho m\u00f4i \u0111\u1ea7y \u0111\u1eb7n v\u00e0 c\u0103ng m\u1ecdng\",\"breadcrumb\":{\"@id\":\"https:\\\/\\\/shopmypham.azdigi.shop\\\/index.php\\\/product\\\/phan-ma-hong-bat-sang-3ce\\\/#breadcrumb\"},\"inLanguage\":\"vi\",\"potentialAction\":[{\"@type\":\"ReadAction\",\"target\":[\"https:\\\/\\\/shopmypham.azdigi.shop\\\/index.php\\\/product\\\/phan-ma-hong-bat-sang-3ce\\\/\"]}]},{\"@type\":\"ImageObject\",\"inLanguage\":\"vi\",\"@id\":\"https:\\\/\\\/shopmypham.azdigi.shop\\\/index.php\\\/product\\\/phan-ma-hong-bat-sang-3ce\\\/#primaryimage\",\"url\":\"https:\\\/\\\/shopmypham.azdigi.shop\\\/wp-content\\\/uploads\\\/2026\\\/03\\\/3ce_copy_c3a389392d5b45468dfdcfab754b4997_1024x1024-1.jpg\",\"contentUrl\":\"https:\\\/\\\/shopmypham.azdigi.shop\\\/wp-content\\\/uploads\\\/2026\\\/03\\\/3ce_copy_c3a389392d5b45468dfdcfab754b4997_1024x1024-1.jpg\",\"width\":800,\"height\":800},{\"@type\":\"BreadcrumbList\",\"@id\":\"https:\\\/\\\/shopmypham.azdigi.shop\\\/index.php\\\/product\\\/phan-ma-hong-bat-sang-3ce\\\/#breadcrumb\",\"itemListElement\":[{\"@type\":\"ListItem\",\"position\":1,\"name\":\"Home\",\"item\":\"https:\\\/\\\/shopmypham.azdigi.shop\\\/\"},{\"@type\":\"ListItem\",\"position\":2,\"name\":\"C\u1eeda h\u00e0ng\",\"item\":\"https:\\\/\\\/shopmypham.azdigi.shop\\\/index.php\\\/shop\\\/\"},{\"@type\":\"ListItem\",\"position\":3,\"name\":\"Son B\u00f3ng D\u1ea1ng Gel 3CE\"}]},{\"@type\":\"WebSite\",\"@id\":\"https:\\\/\\\/shopmypham.azdigi.shop\\\/#website\",\"url\":\"https:\\\/\\\/shopmypham.azdigi.shop\\\/\",\"name\":\"Shop m\u1ef9 ph\u1ea9m\",\"description\":\"\",\"publisher\":{\"@id\":\"https:\\\/\\\/shopmypham.azdigi.shop\\\/#organization\"},\"potentialAction\":[{\"@type\":\"SearchAction\",\"target\":{\"@type\":\"EntryPoint\",\"urlTemplate\":\"https:\\\/\\\/shopmypham.azdigi.shop\\\/?s={search_term_string}\"},\"query-input\":{\"@type\":\"PropertyValueSpecification\",\"valueRequired\":true,\"valueName\":\"search_term_string\"}}],\"inLanguage\":\"vi\"},{\"@type\":\"Organization\",\"@id\":\"https:\\\/\\\/shopmypham.azdigi.shop\\\/#organization\",\"name\":\"Shop m\u1ef9 ph\u1ea9m\",\"url\":\"https:\\\/\\\/shopmypham.azdigi.shop\\\/\",\"logo\":{\"@type\":\"ImageObject\",\"inLanguage\":\"vi\",\"@id\":\"https:\\\/\\\/shopmypham.azdigi.shop\\\/#\\\/schema\\\/logo\\\/image\\\/\",\"url\":\"https:\\\/\\\/shopmypham.azdigi.shop\\\/wp-content\\\/uploads\\\/2026\\\/03\\\/Anh-chup-man-hinh-2026-01-31-214354.png\",\"contentUrl\":\"https:\\\/\\\/shopmypham.azdigi.shop\\\/wp-content\\\/uploads\\\/2026\\\/03\\\/Anh-chup-man-hinh-2026-01-31-214354.png\",\"width\":880,\"height\":565,\"caption\":\"Shop m\u1ef9 ph\u1ea9m\"},\"image\":{\"@id\":\"https:\\\/\\\/shopmypham.azdigi.shop\\\/#\\\/schema\\\/logo\\\/image\\\/\"},\"sameAs\":[\"https:\\\/\\\/www.facebook.com\\\/share\\\/17jR5FUwkN\\\/\"]}]}<\/script>\n<!-- \/ Yoast SEO plugin. -->","yoast_head_json":{"title":"Son B\u00f3ng D\u1ea1ng Gel 3CE - Shop m\u1ef9 ph\u1ea9m","description":"Son B\u00f3ng D\u1ea1ng Gel C\u0103ng M\u1ecdng 3CE Drop Glow Gel l\u00e0 son b\u00f3ng \u0111\u1ebfn t\u1eeb th\u01b0\u01a1ng hi\u1ec7u 3CE. C\u00f4ng th\u1ee9c \u0111\u1ed9 b\u00f3ng 3D s\u00e1ng b\u00f3ng, mang \u0111\u1ebfn cho m\u00f4i \u0111\u1ea7y \u0111\u1eb7n v\u00e0 c\u0103ng m\u1ecdng","robots":{"index":"index","follow":"follow","max-snippet":"max-snippet:-1","max-image-preview":"max-image-preview:large","max-video-preview":"max-video-preview:-1"},"canonical":"https:\/\/shopmypham.azdigi.shop\/index.php\/product\/phan-ma-hong-bat-sang-3ce\/","og_locale":"vi_VN","og_type":"article","og_title":"Son B\u00f3ng D\u1ea1ng Gel 3CE - Shop m\u1ef9 ph\u1ea9m","og_description":"Son B\u00f3ng D\u1ea1ng Gel C\u0103ng M\u1ecdng 3CE Drop Glow Gel l\u00e0 son b\u00f3ng \u0111\u1ebfn t\u1eeb th\u01b0\u01a1ng hi\u1ec7u 3CE. C\u00f4ng th\u1ee9c \u0111\u1ed9 b\u00f3ng 3D s\u00e1ng b\u00f3ng, mang \u0111\u1ebfn cho m\u00f4i \u0111\u1ea7y \u0111\u1eb7n v\u00e0 c\u0103ng m\u1ecdng","og_url":"https:\/\/shopmypham.azdigi.shop\/index.php\/product\/phan-ma-hong-bat-sang-3ce\/","og_site_name":"Shop m\u1ef9 ph\u1ea9m","article_publisher":"https:\/\/www.facebook.com\/share\/17jR5FUwkN\/","article_modified_time":"2026-04-14T15:24:41+00:00","og_image":[{"width":800,"height":800,"url":"https:\/\/shopmypham.azdigi.shop\/wp-content\/uploads\/2026\/03\/3ce_copy_c3a389392d5b45468dfdcfab754b4997_1024x1024-1.jpg","type":"image\/jpeg"}],"twitter_card":"summary_large_image","twitter_misc":{"\u01af\u1edbc t\u00ednh th\u1eddi gian \u0111\u1ecdc":"3 ph\u00fat"},"schema":{"@context":"https:\/\/schema.org","@graph":[{"@type":"WebPage","@id":"https:\/\/shopmypham.azdigi.shop\/index.php\/product\/phan-ma-hong-bat-sang-3ce\/","url":"https:\/\/shopmypham.azdigi.shop\/index.php\/product\/phan-ma-hong-bat-sang-3ce\/","name":"Son B\u00f3ng D\u1ea1ng Gel 3CE - Shop m\u1ef9 ph\u1ea9m","isPartOf":{"@id":"https:\/\/shopmypham.azdigi.shop\/#website"},"primaryImageOfPage":{"@id":"https:\/\/shopmypham.azdigi.shop\/index.php\/product\/phan-ma-hong-bat-sang-3ce\/#primaryimage"},"image":{"@id":"https:\/\/shopmypham.azdigi.shop\/index.php\/product\/phan-ma-hong-bat-sang-3ce\/#primaryimage"},"thumbnailUrl":"https:\/\/shopmypham.azdigi.shop\/wp-content\/uploads\/2026\/03\/3ce_copy_c3a389392d5b45468dfdcfab754b4997_1024x1024-1.jpg","datePublished":"2026-03-31T09:50:19+00:00","dateModified":"2026-04-14T15:24:41+00:00","description":"Son B\u00f3ng D\u1ea1ng Gel C\u0103ng M\u1ecdng 3CE Drop Glow Gel l\u00e0 son b\u00f3ng \u0111\u1ebfn t\u1eeb th\u01b0\u01a1ng hi\u1ec7u 3CE. C\u00f4ng th\u1ee9c \u0111\u1ed9 b\u00f3ng 3D s\u00e1ng b\u00f3ng, mang \u0111\u1ebfn cho m\u00f4i \u0111\u1ea7y \u0111\u1eb7n v\u00e0 c\u0103ng m\u1ecdng","breadcrumb":{"@id":"https:\/\/shopmypham.azdigi.shop\/index.php\/product\/phan-ma-hong-bat-sang-3ce\/#breadcrumb"},"inLanguage":"vi","potentialAction":[{"@type":"ReadAction","target":["https:\/\/shopmypham.azdigi.shop\/index.php\/product\/phan-ma-hong-bat-sang-3ce\/"]}]},{"@type":"ImageObject","inLanguage":"vi","@id":"https:\/\/shopmypham.azdigi.shop\/index.php\/product\/phan-ma-hong-bat-sang-3ce\/#primaryimage","url":"https:\/\/shopmypham.azdigi.shop\/wp-content\/uploads\/2026\/03\/3ce_copy_c3a389392d5b45468dfdcfab754b4997_1024x1024-1.jpg","contentUrl":"https:\/\/shopmypham.azdigi.shop\/wp-content\/uploads\/2026\/03\/3ce_copy_c3a389392d5b45468dfdcfab754b4997_1024x1024-1.jpg","width":800,"height":800},{"@type":"BreadcrumbList","@id":"https:\/\/shopmypham.azdigi.shop\/index.php\/product\/phan-ma-hong-bat-sang-3ce\/#breadcrumb","itemListElement":[{"@type":"ListItem","position":1,"name":"Home","item":"https:\/\/shopmypham.azdigi.shop\/"},{"@type":"ListItem","position":2,"name":"C\u1eeda h\u00e0ng","item":"https:\/\/shopmypham.azdigi.shop\/index.php\/shop\/"},{"@type":"ListItem","position":3,"name":"Son B\u00f3ng D\u1ea1ng Gel 3CE"}]},{"@type":"WebSite","@id":"https:\/\/shopmypham.azdigi.shop\/#website","url":"https:\/\/shopmypham.azdigi.shop\/","name":"Shop m\u1ef9 ph\u1ea9m","description":"","publisher":{"@id":"https:\/\/shopmypham.azdigi.shop\/#organization"},"potentialAction":[{"@type":"SearchAction","target":{"@type":"EntryPoint","urlTemplate":"https:\/\/shopmypham.azdigi.shop\/?s={search_term_string}"},"query-input":{"@type":"PropertyValueSpecification","valueRequired":true,"valueName":"search_term_string"}}],"inLanguage":"vi"},{"@type":"Organization","@id":"https:\/\/shopmypham.azdigi.shop\/#organization","name":"Shop m\u1ef9 ph\u1ea9m","url":"https:\/\/shopmypham.azdigi.shop\/","logo":{"@type":"ImageObject","inLanguage":"vi","@id":"https:\/\/shopmypham.azdigi.shop\/#\/schema\/logo\/image\/","url":"https:\/\/shopmypham.azdigi.shop\/wp-content\/uploads\/2026\/03\/Anh-chup-man-hinh-2026-01-31-214354.png","contentUrl":"https:\/\/shopmypham.azdigi.shop\/wp-content\/uploads\/2026\/03\/Anh-chup-man-hinh-2026-01-31-214354.png","width":880,"height":565,"caption":"Shop m\u1ef9 ph\u1ea9m"},"image":{"@id":"https:\/\/shopmypham.azdigi.shop\/#\/schema\/logo\/image\/"},"sameAs":["https:\/\/www.facebook.com\/share\/17jR5FUwkN\/"]}]}},"_links":{"self":[{"href":"https:\/\/shopmypham.azdigi.shop\/index.php\/wp-json\/wp\/v2\/product\/983","targetHints":{"allow":["GET"]}}],"collection":[{"href":"https:\/\/shopmypham.azdigi.shop\/index.php\/wp-json\/wp\/v2\/product"}],"about":[{"href":"https:\/\/shopmypham.azdigi.shop\/index.php\/wp-json\/wp\/v2\/types\/product"}],"replies":[{"embeddable":true,"href":"https:\/\/shopmypham.azdigi.shop\/index.php\/wp-json\/wp\/v2\/comments?post=983"}],"wp:featuredmedia":[{"embeddable":true,"href":"https:\/\/shopmypham.azdigi.shop\/index.php\/wp-json\/wp\/v2\/media\/995"}],"wp:attachment":[{"href":"https:\/\/shopmypham.azdigi.shop\/index.php\/wp-json\/wp\/v2\/media?parent=983"}],"wp:term":[{"taxonomy":"product_brand","embeddable":true,"href":"https:\/\/shopmypham.azdigi.shop\/index.php\/wp-json\/wp\/v2\/product_brand?post=983"},{"taxonomy":"product_cat","embeddable":true,"href":"https:\/\/shopmypham.azdigi.shop\/index.php\/wp-json\/wp\/v2\/product_cat?post=983"},{"taxonomy":"product_tag","embeddable":true,"href":"https:\/\/shopmypham.azdigi.shop\/index.php\/wp-json\/wp\/v2\/product_tag?post=983"}],"curies":[{"name":"wp","href":"https:\/\/api.w.org\/{rel}","templated":true}]}}